termine l(126).
116
Let k(a) = -6*a**3 - 64*a**2 - 43*a + 53. Determine k(-10).
83
Let n(v) = 545*v - 6956. Calculate n(12).
-416
Let z(o) = -4*o**2 - 293*o - 4698. Give z(-18).
-720
Let c(g) = -8*g**2 + 1020*g + 93993. Determine c(-62).
1
Let o(v) = -v**3 - 31*v**2 - 225*v - 219. Give o(-7).
180
Let y(v) = 14*v - 66. Calculate y(225).
3084
Let x(t) = -143*t**2 - 114*t + 375. Give x(3).
-1254
Let l(i) = -19*i**3 - 11*i**2 + 557*i + 568. Calculate l(-1).
19
Let q(j) = j**2 - 157764*j + 14190668. Determine q(90).
8
Let a(s) = s**2 - 27155*s - 108593. Give a(-4).
43
Let q(f) = f**3 - 14*f**2 - 995*f + 15418. Give q(16).
10
Let m(x) = 9906*x - 19653. Calculate m(2).
159
Let y(z) = -z**2 + 2353*z + 63757. What is y(-27)?
-503
Let y(w) = 16*w**3 + 9*w**2 + 39*w - 16. Determine y(-6).
-3382
Let d(o) = 254*o + 4304. Calculate d(-10).
1764
Let u(b) = 146*b**3 - 52*b**2 + 17*b - 4. Give u(-2).
-1414
Let h(u) = -147*u - 722. Give h(-8).
454
Let g(w) = w**3 - 2*w**2 - 128*w + 633. Determine g(8).
-7
Let r(p) = 2*p**3 - 54*p**2 - 54*p + 1245. Determine r(27).
-213
Let k(l) = -413*l - 180835. Determine k(-438).
59
Let x(z) = -302*z - 122437. Determine x(-402).
-1033
Let u(p) = p**2 - 532*p - 43489. Determine u(-72).
-1
Let j(g) = -g**3 + 34*g**2 - 1242*g + 28424. Give j(27).
-7
Let c(k) = -67669*k + 135330. Give c(2).
-8
Let c(u) = -u**3 - 209*u**2 + 847*u - 1040. What is c(-213)?
25
Let v(i) = -95*i**2 - 15768*i + 335. What is v(-166)?
3
Let l(u) = -11*u**3 + 118*u - 655. Give l(7).
-3602
Let k(s) = -2*s**3 - 658*s**2 + 130*s + 42673. Give k(-329).
-97
Let w(t) = t**3 - 312*t**2 + 905*t + 7197. Calculate w(309).
399
Let j(u) = 4389*u + 294331. Determine j(-67).
268
Let v(o) = -2*o**2 + 1746*o - 39124. What is v(23)?
-24
Let z(k) = -8*k**3 - 905*k**2 - 1089*k - 9065. Determine z(-112).
7
Let g(v) = -714932*v - 6. Calculate g(0).
-6
Let c(d) = -4946*d + 840746. Give c(170).
-74
Let p(h) = -5892*h + 58910. Calculate p(10).
-10
Let b(o) = 10006*o - 3782270. Determine b(378).
-2
Let q(h) = -183*h**3 + 879*h**2 + 175*h + 14. Give q(5).
-11
Let x(n) = -205*n**2 - 247429*n + 7249. Determine x(-1207).
7
Let z(u) = -2*u**3 + 5*u**2 + 51*u - 37. Give z(-6).
269
Let w(c) = -16508*c - 2046992. What is w(-124)?
0
Let a(p) = -12*p**2 - 3687*p + 103974. Determine a(26).
0
Let d(s) = 9*s**3 + 18*s**2 - 64*s - 129. What is d(-2)?
-1
Let w(b) = b**2 + 636*b + 26949. What is w(-44)?
901
Let u(s) = 911*s - 145724. Give u(160).
36
Let u(h) = 1608*h + 114184. What is u(-71)?
16
Let i(p) = 93*p**2 + 7907*p + 75. Determine i(-85).
-95
Let m(c) = -55623*c + 1613080. Give m(29).
13
Let l(g) = -1965*g + 1972837. Give l(1004).
-23
Let q(z) = -22*z**3 + 7*z**2 - 275*z - 564. Give q(-2).
190
Let r(k) = 74*k**3 + 436*k**2 + 5*k + 41. Determine r(-6).
-277
Let h(w) = -w**3 - 174*w**2 + 2461*w - 32146. What is h(-188)?
2
Let d(h) = -3522*h - 38241. Calculate d(-11).
501
Let t(m) = 68814*m - 619337. Calculate t(9).
-11
Let z(p) = -p**3 + 129*p**2 - 53*p + 2878. What is z(129)?
-3959
Let h(w) = -12*w**3 - w**2 - 53*w + 227. What is h(4)?
-769
Let u(m) = m**3 - 765*m**2 - 4840*m + 3120692. Calculate u(766).
8
Let m(c) = -10*c**2 + 27*c + 1475. Determine m(14).
-107
Let y(m) = 2*m**2 + 1232*m - 153057. Determine y(-722).
7
Let b(d) = 1056*d + 5200. What is b(-4)?
976
Let r(x) = x**2 + 4586*x + 3244288. Calculate r(-874).
0
Let k(t) = -110342*t - 882700. Calculate k(-8).
36
Let a(j) = -114*j**2 + 32130*j - 27006. What is a(281)?
-30
Let i(l) = -6*l**2 + 111*l - 100. Determine i(18).
-46
Let s(b) = -3*b**3 + 69*b**2 + 22*b - 450. What is s(22)?
1486
Let o(w) = -53789*w - 322735. What is o(-6)?
-1
Let z(y) = 3*y**3 + 191*y**2 + 399*y - 5433. Give z(-61).
-4
Let d(b) = 26953*b + 1293740. Give d(-48).
-4
Let f(t) = -2*t**3 - 16*t**2 + 33*t + 405. What is f(-8)?
141
Let w(t) = -529765*t + 3178602. Give w(6).
12
Let g(u) = -16*u**2 - 1062*u + 13703. Calculate g(13).
-2807
Let z(l) = -7*l**3 + 3*l**2 - 30*l + 167. What is z(4)?
-353
Let b(r) = 6114*r - 30718. Calculate b(5).
-148
Let i(v) = -25*v**2 + 5265*v + 7415. What is i(212)?
-5
Let x(d) = 12*d**3 - 117*d**2 - 143*d - 34. Give x(11).
208
Let n(q) = 4*q**2 + 7056*q - 28250. Give n(4).
38
Let m(t) = -3930*t - 24691. Calculate m(-6).
-1111
Let q(c) = 330753*c + 22821965. Calculate q(-69).
8
Let t(p) = 718*p**2 + 57319*p - 9676. What is t(-80)?
4
Let t(i) = -290*i + 909. Give t(13).
-2861
Let s(a) = a**3 + 2*a**2 + 725*a - 6484. Give s(8).
-44
Let r(v) = -v**3 - 82*v**2 + 2160*v - 640. Give r(-103).
-331
Let v(c) = c**3 + 63*c**2 - 892*c + 542. Determine v(-75).
-58
Let u(r) = 977*r + 14582. What is u(-15)?
-73
Let z(y) = 2*y**3 - 68*y**2 - 372*y - 3. What is z(-5)?
-93
Let u(m) = m**3 + 10*m**2 + 221*m + 1144. Calculate u(-6).
-38
Let r(j) = 169*j - 77121. What is r(456)?
-57
Let o(g) = -204*g - 5061. Calculate o(-25).
39
Let m(s) = -3*s**2 + 849*s + 275594. Calculate m(476).
-10
Let r(j) = 29486*j + 265446. Give r(-9).
72
Let c(n) = -3*n**2 - 8848*n + 241072. Calculate c(27).
-11
Let a(p) = -p**3 - 75*p**2 - 1256*p + 4791. Calculate a(-44).
39
Let i(b) = 1293*b + 18268. Give i(-14).
166
Let o(d) = -5996*d - 41675. Give o(-7).
297
Let x(s) = -13*s**3 - 6849*s**2 - 72758*s - 1027. Calculate x(-516).
5
Let s(f) = -f**3 + 114*f**2 + 34*f - 3826. What is s(114)?
50
Let d(a) = -2*a**3 + 10910*a**2 + 351169*a + 45. Determine d(-32).
13
Let h(r) = -3416*r + 375773. What is h(110)?
13
Let w(l) = -10*l**3 - 5*l**2 + 81*l - 310. What is w(4)?
-706
Let v(t) = -11*t**2 + 525*t + 34812. Calculate v(85).
-38
Let b(t) = -t**2 + 29566*t - 6106464. What is b(208)?
0
Let f(x) = -68*x**2 - 754*x - 524. What is f(-11)?
-458
Let g(z) = -16*z**3 - 5347*z**2 - 982*z + 6538. Give g(-334).
-142
Let v(w) = 5*w**2 - 89*w + 567. What is v(0)?
567
Let g(y) = -4*y**2 - 650*y + 162235. Calculate g(136).
-149
Let y(s) = s**3 + 2*s**2 + 53*s - 912. Calculate y(8).
152
Let j(k) = k**2 + 609*k - 50624. Give j(74).
-82
Let j(s) = -s**3 - 121*s**2 + 373*s - 759. Give j(-124).
-883
Let u(t) = 2*t**3 + 62*t**2 + 543*t + 1510. Give u(-12).
466
Let v(m) = -437*m - 175701. What is v(-402)?
-27
Let d(k) = 34*k**2 - 10726*k - 5691. Determine d(316).
-3
Let o(q) = -q**2 + 4071*q - 60857. Give o(15).
-17
Let x(l) = l**2 - 954*l - 209313. Calculate x(-184).
79
Let h(w) = -w**2 + 179*w - 5426. Give h(139).
134
Let w(c) = -2*c**3 + 155*c**2 + 172*c + 5127. Give w(79).
-8
Let w(g) = 5*g**2 + 2514*g + 190555. Give w(-93).
-2
Let f(b) = 1140*b**2 - 6843*b - 84. Give f(6).
-102
Let v(q) = -3*q**3 + 84*q**2 - 10*q + 262. What is v(28)?
-18
Let k(x) = -298*x - 25929. What is k(-80)?
-2089
Let j(k) = k**3 + 59*k**2 - 378*k + 744. Calculate j(-65).
-36
Let q(c) = -18*c**2 - 2476*c + 1102. Give q(-138).
-2
Let h(g) = -6*g**2 - 132*g - 1152. What is h(-8)?
-480
Let k(y) = -231*y + 11807. What is k(38)?
3029
Let h(i) = -32*i + 1044. Give h(32).
20
Let f(g) = 2*g**2 - 852*g + 75063. Give f(299).
-883
Let i(b) = -13077*b + 274629. What is i(21)?
12
Let v(t) = 33078*t - 5226345. Calculate v(158).
-21
Let o(x) = 2*x**2 + 1270*x - 765823. Determine o(378).
5
Let a(b) = 2*b + 1544. What is a(-712)?
120
Let k(d) = -d**3 - 107*d**2 - 1958*d - 148. Determine k(-25).
-2448
Let s(b) = b**2 + 302*b + 19426. What is s(-210)?
106
Let i(q) = 33*q**2 + 13105*q + 14665. Determine i(-396).
13
Let a(p) = 24*p**2 + 3582*p + 884. Give a(-149).
-10
Let b(k) = 7556*k - 233992. Determine b(31).
244
Let y(d) = -d**2 + 14819*d + 192820. Give y(-13).
4
Let p(j) = 18*j**2 - 1370*j - 1215. What is p(77)?
17
Let s(r) = -63*r**3 - 12*r**2 + 17*r + 13. What is s(-1)?
47
Let t(x) = 339*x**3 + 3*x**2 - 8523*x - 17052. What is t(-2)?
-2706
Let x(s) = -267*s**2 - 117205*s + 3512. Calculate x(-439).
0
Let d(i) = 28*i**3 + 1621*i**2 + 4793*i - 3. Determine d(-3).
-549
Let v(t) = -26179*t + 104892. Determine v(4).
176
Let w(b) = -2*b**3 + 118*b**2 + 929*b + 54. Calculate w(66).
384
Let h(p) = 4*p**2 - 1107*p - 226760. Give h(-137).
-25
Let f(t) = 2199*t + 61364. Give f(-28).
-208
Let p(w) = -w**2 - 366238*w + 5127536. What is p(14)?
8
Let w(i) = -2*i**2 + 3070*i - 365278. What is w(130)?
22
Let a(y) = -5*y**3 + 711*y**2 + 567*y + 823. Determine a(143).
108
Let u(p) = -p**3 + 604*p**2 + 1997*p - 106809. Determine u(607).
23
Let d(i) = -34*i*